{"id":556,"date":"2023-12-14T12:16:46","date_gmt":"2023-12-14T11:16:46","guid":{"rendered":"https:\/\/meganetburkina.com\/?page_id=556"},"modified":"2023-12-14T12:47:12","modified_gmt":"2023-12-14T11:47:12","slug":"analyse-de-donnees-et-intelligence-artificielle-2","status":"publish","type":"page","link":"https:\/\/meganetburkina.com\/index.php\/analyse-de-donnees-et-intelligence-artificielle-2\/","title":{"rendered":"Gestion de Projet Informatique"},"content":{"rendered":"\t\t<div data-elementor-type=\"wp-page\" data-elementor-id=\"556\" class=\"elementor elementor-556\">\n\t\t\t\t\t\t\t<header class=\"elementor-element elementor-element-20eb6515 e-con-full e-flex e-con e-parent\" data-id=\"20eb6515\" data-element_type=\"container\" data-settings=\"{&quot;content_width&quot;:&quot;full&quot;}\" data-core-v316-plus=\"true\">\n\t\t<div class=\"elementor-element elementor-element-4886e3a6 e-con-full e-flex e-con e-child\" data-id=\"4886e3a6\" data-element_type=\"container\" data-settings=\"{&quot;content_width&quot;:&quot;full&quot;}\">\n\t\t\t\t<div class=\"elementor-element elementor-element-446904a4 elementor-widget__width-initial elementor-widget elementor-widget-image\" data-id=\"446904a4\" data-element_type=\"widget\" data-widget_type=\"image.default\">\n\t\t\t\t<div class=\"elementor-widget-container\">\n\t\t\t<style>\/*! elementor - v3.17.0 - 08-11-2023 *\/\n.elementor-widget-image{text-align:center}.elementor-widget-image a{display:inline-block}.elementor-widget-image a img[src$=\".svg\"]{width:48px}.elementor-widget-image img{vertical-align:middle;display:inline-block}<\/style>\t\t\t\t\t\t\t\t\t\t\t\t<img fetchpriority=\"high\" decoding=\"async\" width=\"649\" height=\"431\" src=\"https:\/\/meganetburkina.com\/wp-content\/uploads\/2023\/12\/G-P-WEB-01.png\" class=\"attachment-full size-full wp-image-493\" alt=\"\" srcset=\"https:\/\/meganetburkina.com\/wp-content\/uploads\/2023\/12\/G-P-WEB-01.png 649w, https:\/\/meganetburkina.com\/wp-content\/uploads\/2023\/12\/G-P-WEB-01-300x199.png 300w\" sizes=\"(max-width: 649px) 100vw, 649px\" \/>\t\t\t\t\t\t\t\t\t\t\t\t\t\t\t<\/div>\n\t\t\t\t<\/div>\n\t\t\t\t<\/div>\n\t\t\t\t<div class=\"elementor-element elementor-element-72496f6 elementor-widget elementor-widget-text-editor\" data-id=\"72496f6\" data-element_type=\"widget\" data-widget_type=\"text-editor.default\">\n\t\t\t\t<div class=\"elementor-widget-container\">\n\t\t\t<style>\/*! elementor - v3.17.0 - 08-11-2023 *\/\n.elementor-widget-text-editor.elementor-drop-cap-view-stacked .elementor-drop-cap{background-color:#69727d;color:#fff}.elementor-widget-text-editor.elementor-drop-cap-view-framed .elementor-drop-cap{color:#69727d;border:3px solid;background-color:transparent}.elementor-widget-text-editor:not(.elementor-drop-cap-view-default) .elementor-drop-cap{margin-top:8px}.elementor-widget-text-editor:not(.elementor-drop-cap-view-default) .elementor-drop-cap-letter{width:1em;height:1em}.elementor-widget-text-editor .elementor-drop-cap{float:left;text-align:center;line-height:1;font-size:50px}.elementor-widget-text-editor .elementor-drop-cap-letter{display:inline-block}<\/style>\t\t\t\t<h3><strong>Nous Ex\u00e9cutions de fa\u00e7on\u00a0 Impeccable vos Initiatives Technologiques <\/strong><\/h3>\t\t\t\t\t\t<\/div>\n\t\t\t\t<\/div>\n\t\t\t\t<\/header>\n\t\t<div class=\"elementor-element elementor-element-32297b92 e-con-full e-flex e-con e-parent\" data-id=\"32297b92\" data-element_type=\"container\" data-settings=\"{&quot;background_background&quot;:&quot;classic&quot;,&quot;content_width&quot;:&quot;full&quot;}\" data-core-v316-plus=\"true\">\n\t\t<div class=\"elementor-element elementor-element-f71bc8f e-con-full e-flex e-con e-child\" data-id=\"f71bc8f\" data-element_type=\"container\" data-settings=\"{&quot;content_width&quot;:&quot;full&quot;}\">\n\t\t\t\t<div class=\"elementor-element elementor-element-26e18043 elementor-widget elementor-widget-heading\" data-id=\"26e18043\" data-element_type=\"widget\" data-widget_type=\"heading.default\">\n\t\t\t\t<div class=\"elementor-widget-container\">\n\t\t\t<style>\/*! elementor - v3.17.0 - 08-11-2023 *\/\n.elementor-heading-title{padding:0;margin:0;line-height:1}.elementor-widget-heading .elementor-heading-title[class*=elementor-size-]>a{color:inherit;font-size:inherit;line-height:inherit}.elementor-widget-heading .elementor-heading-title.elementor-size-small{font-size:15px}.elementor-widget-heading .elementor-heading-title.elementor-size-medium{font-size:19px}.elementor-widget-heading .elementor-heading-title.elementor-size-large{font-size:29px}.elementor-widget-heading .elementor-heading-title.elementor-size-xl{font-size:39px}.elementor-widget-heading .elementor-heading-title.elementor-size-xxl{font-size:59px}<\/style><h1 class=\"elementor-heading-title elementor-size-default\"> Planification Strat\u00e9gique \n<\/h1>\t\t<\/div>\n\t\t\t\t<\/div>\n\t\t\t\t<div class=\"elementor-element elementor-element-60e69225 elementor-widget elementor-widget-text-editor\" data-id=\"60e69225\" data-element_type=\"widget\" data-widget_type=\"text-editor.default\">\n\t\t\t\t<div class=\"elementor-widget-container\">\n\t\t\t\t\t\t\t<p>Notre approche de gestion de projet informatique commence par une planification strat\u00e9gique minutieuse. En collaboration \u00e9troite avec votre \u00e9quipe, nous d\u00e9finissons des objectifs clairs, des jalons cruciaux et des plannings r\u00e9alistes pour garantir une ex\u00e9cution fluide.<\/p>\t\t\t\t\t\t<\/div>\n\t\t\t\t<\/div>\n\t\t\t\t<\/div>\n\t\t<div class=\"elementor-element elementor-element-70326659 e-con-full e-flex e-con e-child\" data-id=\"70326659\" data-element_type=\"container\" data-settings=\"{&quot;content_width&quot;:&quot;full&quot;}\">\n\t\t\t\t<div class=\"elementor-element elementor-element-904817d elementor-widget elementor-widget-image\" data-id=\"904817d\" data-element_type=\"widget\" data-widget_type=\"image.default\">\n\t\t\t\t<div class=\"elementor-widget-container\">\n\t\t\t\t\t\t\t\t\t\t\t\t\t\t\t<img decoding=\"async\" width=\"1024\" height=\"683\" src=\"https:\/\/meganetburkina.com\/wp-content\/uploads\/2023\/12\/afro-americain-costume-tenant-documents-parlant-patronne-1-1024x683.jpg\" class=\"attachment-large size-large wp-image-495\" alt=\"\" srcset=\"https:\/\/meganetburkina.com\/wp-content\/uploads\/2023\/12\/afro-americain-costume-tenant-documents-parlant-patronne-1-1024x683.jpg 1024w, https:\/\/meganetburkina.com\/wp-content\/uploads\/2023\/12\/afro-americain-costume-tenant-documents-parlant-patronne-1-300x200.jpg 300w, https:\/\/meganetburkina.com\/wp-content\/uploads\/2023\/12\/afro-americain-costume-tenant-documents-parlant-patronne-1-768x513.jpg 768w, https:\/\/meganetburkina.com\/wp-content\/uploads\/2023\/12\/afro-americain-costume-tenant-documents-parlant-patronne-1-1536x1025.jpg 1536w, https:\/\/meganetburkina.com\/wp-content\/uploads\/2023\/12\/afro-americain-costume-tenant-documents-parlant-patronne-1-2048x1367.jpg 2048w\" sizes=\"(max-width: 1024px) 100vw, 1024px\" \/>\t\t\t\t\t\t\t\t\t\t\t\t\t\t\t<\/div>\n\t\t\t\t<\/div>\n\t\t\t\t<\/div>\n\t\t\t\t<\/div>\n\t\t<div class=\"elementor-element elementor-element-28a96fd e-con-full e-flex e-con e-parent\" data-id=\"28a96fd\" data-element_type=\"container\" data-settings=\"{&quot;background_background&quot;:&quot;classic&quot;,&quot;content_width&quot;:&quot;full&quot;}\" data-core-v316-plus=\"true\">\n\t\t<div class=\"elementor-element elementor-element-56e791a e-con-full e-flex e-con e-child\" data-id=\"56e791a\" data-element_type=\"container\" data-settings=\"{&quot;content_width&quot;:&quot;full&quot;}\">\n\t\t\t\t<div class=\"elementor-element elementor-element-4e3ce86 elementor-widget elementor-widget-heading\" data-id=\"4e3ce86\" data-element_type=\"widget\" data-widget_type=\"heading.default\">\n\t\t\t\t<div class=\"elementor-widget-container\">\n\t\t\t<h1 class=\"elementor-heading-title elementor-size-default\"> Gestion Agile \n<\/h1>\t\t<\/div>\n\t\t\t\t<\/div>\n\t\t\t\t<div class=\"elementor-element elementor-element-1d81000 elementor-widget elementor-widget-text-editor\" data-id=\"1d81000\" data-element_type=\"widget\" data-widget_type=\"text-editor.default\">\n\t\t\t\t<div class=\"elementor-widget-container\">\n\t\t\t\t\t\t\t<p>Nous adoptons des m\u00e9thodologies agiles pour s&#8217;adapter \u00e0 l&#8217;\u00e9volution des besoins du projet. Des it\u00e9rations rapides, des r\u00e9unions r\u00e9guli\u00e8res et une communication transparente assurent une flexibilit\u00e9 n\u00e9cessaire pour atteindre vos objectifs, m\u00eame dans des environnements changeants.<\/p><p><strong>Coordination d&#8217;\u00c9quipe Efficace :<\/strong> La r\u00e9ussite d&#8217;un projet d\u00e9pend d&#8217;une \u00e9quipe bien coordonn\u00e9e. Notre gestion de projet place l&#8217;accent sur la communication ouverte, l&#8217;assignation claire des responsabilit\u00e9s et la motivation continue pour garantir un travail d&#8217;\u00e9quipe efficace.<\/p><p><strong>Suivi Rigoureux des D\u00e9lais et des Co\u00fbts :<\/strong> La ma\u00eetrise des d\u00e9lais et des co\u00fbts est notre engagement. Nous utilisons des outils de suivi avanc\u00e9s pour garantir que votre projet reste sur la bonne voie, \u00e9vitant les retards inutiles et les d\u00e9passements de budget.<\/p><h4><strong>Gestion de la Qualit\u00e9 et de la Performance :<\/strong><\/h4><p><strong>Assurance Qualit\u00e9 Int\u00e9gr\u00e9e :<\/strong> La qualit\u00e9 est au c\u0153ur de notre gestion de projet. Des plans d&#8217;assurance qualit\u00e9 rigoureux sont mis en \u0153uvre \u00e0 chaque \u00e9tape, garantissant que chaque livrable r\u00e9pond aux normes les plus \u00e9lev\u00e9es.<\/p><p style=\"border-style: solid; border-color: #d9d9e3; --tw-border-spacing-x: 0; --tw-border-spacing-y: 0; --tw-translate-x: 0; --tw-translate-y: 0; --tw-rotate: 0; --tw-skew-x: 0; --tw-skew-y: 0; --tw-scale-x: 1; --tw-scale-y: 1; --tw-scroll-snap-strictness: proximity; --tw-ring-offset-width: 0px; --tw-ring-offset-color: #fff; --tw-ring-color: rgba(69,89,164,.5); --tw-ring-offset-shadow: 0 0 transparent; --tw-ring-shadow: 0 0 transparent; --tw-shadow: 0 0 transparent; --tw-shadow-colored: 0 0 transparent; margin-bottom: 1.25em; color: #374151; font-family: S\u00f6hne, ui-sans-serif, system-ui, -apple-system, 'Segoe UI', Roboto, Ubuntu, Cantarell, 'Noto Sans', sans-serif, 'Helvetica Neue', Arial, 'Apple Color Emoji', 'Segoe UI Emoji', 'Segoe UI Symbol', 'Noto Color Emoji'; font-size: 16px; font-style: normal; font-weight: 400; white-space-collapse: preserve;\">\u00a0<\/p>\t\t\t\t\t\t<\/div>\n\t\t\t\t<\/div>\n\t\t\t\t<\/div>\n\t\t<div class=\"elementor-element elementor-element-bd8691d e-con-full e-flex e-con e-child\" data-id=\"bd8691d\" data-element_type=\"container\" data-settings=\"{&quot;content_width&quot;:&quot;full&quot;}\">\n\t\t\t\t<div class=\"elementor-element elementor-element-e5fb488 elementor-widget elementor-widget-image\" data-id=\"e5fb488\" data-element_type=\"widget\" data-widget_type=\"image.default\">\n\t\t\t\t<div class=\"elementor-widget-container\">\n\t\t\t\t\t\t\t\t\t\t\t\t\t\t\t<img decoding=\"async\" width=\"1024\" height=\"384\" src=\"https:\/\/meganetburkina.com\/wp-content\/uploads\/2020\/09\/tech-startup-team-member-gather-1024x384.jpg\" class=\"attachment-large size-large wp-image-112\" alt=\"\" srcset=\"https:\/\/meganetburkina.com\/wp-content\/uploads\/2020\/09\/tech-startup-team-member-gather-1024x384.jpg 1024w, https:\/\/meganetburkina.com\/wp-content\/uploads\/2020\/09\/tech-startup-team-member-gather-300x113.jpg 300w, https:\/\/meganetburkina.com\/wp-content\/uploads\/2020\/09\/tech-startup-team-member-gather-768x288.jpg 768w, https:\/\/meganetburkina.com\/wp-content\/uploads\/2020\/09\/tech-startup-team-member-gather-1536x576.jpg 1536w, https:\/\/meganetburkina.com\/wp-content\/uploads\/2020\/09\/tech-startup-team-member-gather.jpg 1920w\" sizes=\"(max-width: 1024px) 100vw, 1024px\" \/>\t\t\t\t\t\t\t\t\t\t\t\t\t\t\t<\/div>\n\t\t\t\t<\/div>\n\t\t\t\t<div class=\"elementor-element elementor-element-1e7f23b elementor-widget elementor-widget-text-editor\" data-id=\"1e7f23b\" data-element_type=\"widget\" data-widget_type=\"text-editor.default\">\n\t\t\t\t<div class=\"elementor-widget-container\">\n\t\t\t\t\t\t\t<p><strong> Tests et Validation Approfondis :<\/strong> Avant chaque phase critique, nous effectuons des tests approfondis pour identifier et r\u00e9soudre les probl\u00e8mes potentiels. La validation continue garantit la fiabilit\u00e9 et la stabilit\u00e9 de chaque composant du projet.<\/p><p><strong>Am\u00e9lioration Continue :<\/strong> L&#8217;apprentissage constant est notre moteur. Apr\u00e8s chaque projet, nous menons une analyse approfondie des performances, identifiant les opportunit\u00e9s d&#8217;am\u00e9lioration et int\u00e9grant ces enseignements dans notre approche future.<\/p>\t\t\t\t\t\t<\/div>\n\t\t\t\t<\/div>\n\t\t\t\t<\/div>\n\t\t\t\t<\/div>\n\t\t<div class=\"elementor-element elementor-element-5f6d749 e-con-full e-flex e-con e-parent\" data-id=\"5f6d749\" data-element_type=\"container\" data-settings=\"{&quot;background_background&quot;:&quot;classic&quot;,&quot;content_width&quot;:&quot;full&quot;}\" data-core-v316-plus=\"true\">\n\t\t<div class=\"elementor-element elementor-element-8d46d04 e-con-full e-flex e-con e-child\" data-id=\"8d46d04\" data-element_type=\"container\" data-settings=\"{&quot;content_width&quot;:&quot;full&quot;}\">\n\t\t\t\t<div class=\"elementor-element elementor-element-0d032bb elementor-widget elementor-widget-heading\" data-id=\"0d032bb\" data-element_type=\"widget\" data-widget_type=\"heading.default\">\n\t\t\t\t<div class=\"elementor-widget-container\">\n\t\t\t<h1 class=\"elementor-heading-title elementor-size-default\"> Communication Transparente et Rapports D\u00e9taill\u00e9s \n<\/h1>\t\t<\/div>\n\t\t\t\t<\/div>\n\t\t\t\t<div class=\"elementor-element elementor-element-99a7ac3 elementor-widget elementor-widget-text-editor\" data-id=\"99a7ac3\" data-element_type=\"widget\" data-widget_type=\"text-editor.default\">\n\t\t\t\t<div class=\"elementor-widget-container\">\n\t\t\t\t\t\t\t<p><strong>\u00a0Rapports d&#8217;Avancement R\u00e9guliers :<\/strong> Restez inform\u00e9 \u00e0 chaque \u00e9tape avec nos rapports d&#8217;avancement r\u00e9guliers. Des mises \u00e0 jour d\u00e9taill\u00e9es sur l&#8217;\u00e9tat du projet, les progr\u00e8s r\u00e9alis\u00e9s et les prochaines \u00e9tapes assurent une transparence totale<\/p><p><strong>Gestion des Risques Proactive :<\/strong> L&#8217;anticipation des risques est notre pr\u00e9occupation constante. Nous identifions, \u00e9valuons et att\u00e9nuons les risques potentiels d\u00e8s le d\u00e9but du projet, assurant une gestion proactive des impr\u00e9vus.<\/p>\t\t\t\t\t\t<\/div>\n\t\t\t\t<\/div>\n\t\t\t\t<\/div>\n\t\t<div class=\"elementor-element elementor-element-465ab7a e-con-full e-flex e-con e-child\" data-id=\"465ab7a\" data-element_type=\"container\" data-settings=\"{&quot;content_width&quot;:&quot;full&quot;}\">\n\t\t\t\t<div class=\"elementor-element elementor-element-670d917 elementor-widget elementor-widget-image\" data-id=\"670d917\" data-element_type=\"widget\" data-widget_type=\"image.default\">\n\t\t\t\t<div class=\"elementor-widget-container\">\n\t\t\t\t\t\t\t\t\t\t\t\t\t\t\t<img loading=\"lazy\" decoding=\"async\" width=\"683\" height=\"1024\" src=\"https:\/\/meganetburkina.com\/wp-content\/uploads\/2023\/11\/homme-noir-aide-ordinateur-683x1024.jpg\" class=\"attachment-large size-large wp-image-371\" alt=\"\" srcset=\"https:\/\/meganetburkina.com\/wp-content\/uploads\/2023\/11\/homme-noir-aide-ordinateur-683x1024.jpg 683w, https:\/\/meganetburkina.com\/wp-content\/uploads\/2023\/11\/homme-noir-aide-ordinateur-200x300.jpg 200w, https:\/\/meganetburkina.com\/wp-content\/uploads\/2023\/11\/homme-noir-aide-ordinateur-768x1152.jpg 768w, https:\/\/meganetburkina.com\/wp-content\/uploads\/2023\/11\/homme-noir-aide-ordinateur-1024x1536.jpg 1024w, https:\/\/meganetburkina.com\/wp-content\/uploads\/2023\/11\/homme-noir-aide-ordinateur-1365x2048.jpg 1365w, https:\/\/meganetburkina.com\/wp-content\/uploads\/2023\/11\/homme-noir-aide-ordinateur-scaled.jpg 1707w\" sizes=\"(max-width: 683px) 100vw, 683px\" \/>\t\t\t\t\t\t\t\t\t\t\t\t\t\t\t<\/div>\n\t\t\t\t<\/div>\n\t\t\t\t<div class=\"elementor-element elementor-element-88f7489 elementor-widget elementor-widget-text-editor\" data-id=\"88f7489\" data-element_type=\"widget\" data-widget_type=\"text-editor.default\">\n\t\t\t\t<div class=\"elementor-widget-container\">\n\t\t\t\t\t\t\t<h4><strong>Formation Post-Impl\u00e9mentation et Soutien Continu :<\/strong><\/h4><p><strong>1. Formation Compl\u00e8te :<\/strong> Une fois le projet d\u00e9ploy\u00e9, nous offrons une formation compl\u00e8te \u00e0 votre \u00e9quipe. Assurez-vous que chaque utilisateur est \u00e0 l&#8217;aise avec les nouvelles technologies et peut maximiser les avantages du projet.<\/p><p><strong>2. Soutien Continu :<\/strong> Notre engagement ne s&#8217;arr\u00eate pas \u00e0 la mise en \u0153uvre. Un support continu est fourni pour r\u00e9soudre les probl\u00e8mes, r\u00e9pondre aux questions et garantir que votre solution informatique continue de fonctionner \u00e0 son meilleur.<\/p><p>Optimisez la r\u00e9ussite de vos projets informatiques avec notre expertise en gestion de projet. De la planification initiale \u00e0 la formation post-impl\u00e9mentation, nous assurons une ex\u00e9cution impeccable et des r\u00e9sultats qui d\u00e9passent vos attentes.<\/p>\t\t\t\t\t\t<\/div>\n\t\t\t\t<\/div>\n\t\t\t\t<\/div>\n\t\t\t\t<\/div>\n\t\t\t\t\t\t\t<\/div>\n\t\t","protected":false},"excerpt":{"rendered":"<p>Nous Ex\u00e9cutions de fa\u00e7on\u00a0 Impeccable vos Initiatives Technologiques Planification Strat\u00e9gique Notre approche de gestion de projet informatique commence par une planification strat\u00e9gique minutieuse. En collaboration \u00e9troite avec votre \u00e9quipe, nous d\u00e9finissons des objectifs clairs, des jalons cruciaux et des plannings r\u00e9alistes pour garantir une ex\u00e9cution fluide. Gestion Agile Nous adoptons des m\u00e9thodologies agiles pour s&#8217;adapter &hellip;<\/p>\n<p class=\"read-more\"> <a class=\"\" href=\"https:\/\/meganetburkina.com\/index.php\/analyse-de-donnees-et-intelligence-artificielle-2\/\"> <span class=\"screen-reader-text\">Gestion de Projet Informatique<\/span> Read More &raquo;<\/a><\/p>\n","protected":false},"author":1,"featured_media":0,"parent":0,"menu_order":0,"comment_status":"closed","ping_status":"closed","template":"","meta":{"site-sidebar-layout":"no-sidebar","site-content-layout":"page-builder","ast-site-content-layout":"full-width-container","site-content-style":"default","site-sidebar-style":"default","ast-global-header-display":"","ast-banner-title-visibility":"","ast-main-header-display":"","ast-hfb-above-header-display":"","ast-hfb-below-header-display":"","ast-hfb-mobile-header-display":"","site-post-title":"disabled","ast-breadcrumbs-content":"","ast-featured-img":"disabled","footer-sml-layout":"","theme-transparent-header-meta":"","adv-header-id-meta":"","stick-header-meta":"","header-above-stick-meta":"","header-main-stick-meta":"","header-below-stick-meta":"","astra-migrate-meta-layouts":"set","ast-page-background-enabled":"default","ast-page-background-meta":{"desktop":{"background-color":"","background-image":"","background-repeat":"repeat","background-position":"center center","background-size":"auto","background-attachment":"scroll","background-type":"","background-media":"","overlay-type":"","overlay-color":"","overlay-gradient":""},"tablet":{"background-color":"","background-image":"","background-repeat":"repeat","background-position":"center center","background-size":"auto","background-attachment":"scroll","background-type":"","background-media":"","overlay-type":"","overlay-color":"","overlay-gradient":""},"mobile":{"background-color":"","background-image":"","background-repeat":"repeat","background-position":"center center","background-size":"auto","background-attachment":"scroll","background-type":"","background-media":"","overlay-type":"","overlay-color":"","overlay-gradient":""}},"ast-content-background-meta":{"desktop":{"background-color":"var(--ast-global-color-5)","background-image":"","background-repeat":"repeat","background-position":"center center","background-size":"auto","background-attachment":"scroll","background-type":"","background-media":"","overlay-type":"","overlay-color":"","overlay-gradient":""},"tablet":{"background-color":"var(--ast-global-color-5)","background-image":"","background-repeat":"repeat","background-position":"center center","background-size":"auto","background-attachment":"scroll","background-type":"","background-media":"","overlay-type":"","overlay-color":"","overlay-gradient":""},"mobile":{"background-color":"var(--ast-global-color-5)","background-image":"","background-repeat":"repeat","background-position":"center center","background-size":"auto","background-attachment":"scroll","background-type":"","background-media":"","overlay-type":"","overlay-color":"","overlay-gradient":""}},"footnotes":""},"class_list":["post-556","page","type-page","status-publish","hentry"],"_links":{"self":[{"href":"https:\/\/meganetburkina.com\/index.php\/wp-json\/wp\/v2\/pages\/556","targetHints":{"allow":["GET"]}}],"collection":[{"href":"https:\/\/meganetburkina.com\/index.php\/wp-json\/wp\/v2\/pages"}],"about":[{"href":"https:\/\/meganetburkina.com\/index.php\/wp-json\/wp\/v2\/types\/page"}],"author":[{"embeddable":true,"href":"https:\/\/meganetburkina.com\/index.php\/wp-json\/wp\/v2\/users\/1"}],"replies":[{"embeddable":true,"href":"https:\/\/meganetburkina.com\/index.php\/wp-json\/wp\/v2\/comments?post=556"}],"version-history":[{"count":11,"href":"https:\/\/meganetburkina.com\/index.php\/wp-json\/wp\/v2\/pages\/556\/revisions"}],"predecessor-version":[{"id":574,"href":"https:\/\/meganetburkina.com\/index.php\/wp-json\/wp\/v2\/pages\/556\/revisions\/574"}],"wp:attachment":[{"href":"https:\/\/meganetburkina.com\/index.php\/wp-json\/wp\/v2\/media?parent=556"}],"curies":[{"name":"wp","href":"https:\/\/api.w.org\/{rel}","templated":true}]}}