{"id":563,"date":"2023-12-14T12:26:55","date_gmt":"2023-12-14T11:26:55","guid":{"rendered":"https:\/\/meganetburkina.com\/?page_id=563"},"modified":"2023-12-14T13:51:55","modified_gmt":"2023-12-14T12:51:55","slug":"securite-informatique","status":"publish","type":"page","link":"https:\/\/meganetburkina.com\/index.php\/securite-informatique\/","title":{"rendered":"S\u00e9curit\u00e9 Informatique"},"content":{"rendered":"\t\t<div data-elementor-type=\"wp-page\" data-elementor-id=\"563\" class=\"elementor elementor-563\">\n\t\t\t\t\t\t\t<header class=\"elementor-element elementor-element-156e96cd e-con-full e-flex e-con e-parent\" data-id=\"156e96cd\" data-element_type=\"container\" data-settings=\"{&quot;content_width&quot;:&quot;full&quot;}\" data-core-v316-plus=\"true\">\n\t\t<div class=\"elementor-element elementor-element-1f68995e e-con-full e-flex e-con e-child\" data-id=\"1f68995e\" data-element_type=\"container\" data-settings=\"{&quot;content_width&quot;:&quot;full&quot;}\">\n\t\t\t\t<div class=\"elementor-element elementor-element-1344c1d8 elementor-widget elementor-widget-image\" data-id=\"1344c1d8\" data-element_type=\"widget\" data-widget_type=\"image.default\">\n\t\t\t\t<div class=\"elementor-widget-container\">\n\t\t\t<style>\/*! elementor - v3.17.0 - 08-11-2023 *\/\n.elementor-widget-image{text-align:center}.elementor-widget-image a{display:inline-block}.elementor-widget-image a img[src$=\".svg\"]{width:48px}.elementor-widget-image img{vertical-align:middle;display:inline-block}<\/style>\t\t\t\t\t\t\t\t\t\t\t\t<img fetchpriority=\"high\" decoding=\"async\" width=\"2560\" height=\"2560\" src=\"https:\/\/meganetburkina.com\/wp-content\/uploads\/2023\/12\/10819-scaled.jpg\" class=\"attachment-full size-full wp-image-584\" alt=\"\" srcset=\"https:\/\/meganetburkina.com\/wp-content\/uploads\/2023\/12\/10819-scaled.jpg 2560w, https:\/\/meganetburkina.com\/wp-content\/uploads\/2023\/12\/10819-300x300.jpg 300w, https:\/\/meganetburkina.com\/wp-content\/uploads\/2023\/12\/10819-1024x1024.jpg 1024w, https:\/\/meganetburkina.com\/wp-content\/uploads\/2023\/12\/10819-150x150.jpg 150w, https:\/\/meganetburkina.com\/wp-content\/uploads\/2023\/12\/10819-768x768.jpg 768w, https:\/\/meganetburkina.com\/wp-content\/uploads\/2023\/12\/10819-1536x1536.jpg 1536w, https:\/\/meganetburkina.com\/wp-content\/uploads\/2023\/12\/10819-2048x2048.jpg 2048w\" sizes=\"(max-width: 2560px) 100vw, 2560px\" \/>\t\t\t\t\t\t\t\t\t\t\t\t\t\t\t<\/div>\n\t\t\t\t<\/div>\n\t\t\t\t<\/div>\n\t\t\t\t<div class=\"elementor-element elementor-element-dcf0b7d elementor-widget elementor-widget-heading\" data-id=\"dcf0b7d\" data-element_type=\"widget\" data-widget_type=\"heading.default\">\n\t\t\t\t<div class=\"elementor-widget-container\">\n\t\t\t<style>\/*! elementor - v3.17.0 - 08-11-2023 *\/\n.elementor-heading-title{padding:0;margin:0;line-height:1}.elementor-widget-heading .elementor-heading-title[class*=elementor-size-]>a{color:inherit;font-size:inherit;line-height:inherit}.elementor-widget-heading .elementor-heading-title.elementor-size-small{font-size:15px}.elementor-widget-heading .elementor-heading-title.elementor-size-medium{font-size:19px}.elementor-widget-heading .elementor-heading-title.elementor-size-large{font-size:29px}.elementor-widget-heading .elementor-heading-title.elementor-size-xl{font-size:39px}.elementor-widget-heading .elementor-heading-title.elementor-size-xxl{font-size:59px}<\/style><h2 class=\"elementor-heading-title elementor-size-default\">Prot\u00e9gez Votre Entreprise Contre les Menaces Num\u00e9riques <\/h2>\t\t<\/div>\n\t\t\t\t<\/div>\n\t\t\t\t<\/header>\n\t\t<div class=\"elementor-element elementor-element-5dfcdb2e e-con-full e-flex e-con e-parent\" data-id=\"5dfcdb2e\" data-element_type=\"container\" data-settings=\"{&quot;background_background&quot;:&quot;classic&quot;,&quot;content_width&quot;:&quot;full&quot;}\" data-core-v316-plus=\"true\">\n\t\t<div class=\"elementor-element elementor-element-bfc9564 e-con-full e-flex e-con e-child\" data-id=\"bfc9564\" data-element_type=\"container\" data-settings=\"{&quot;content_width&quot;:&quot;full&quot;}\">\n\t\t\t\t<div class=\"elementor-element elementor-element-2d966d70 elementor-widget elementor-widget-heading\" data-id=\"2d966d70\" data-element_type=\"widget\" data-widget_type=\"heading.default\">\n\t\t\t\t<div class=\"elementor-widget-container\">\n\t\t\t<h1 class=\"elementor-heading-title elementor-size-default\"> Audit de S\u00e9curit\u00e9 Complet<\/h1>\t\t<\/div>\n\t\t\t\t<\/div>\n\t\t\t\t<div class=\"elementor-element elementor-element-35373ca9 elementor-widget elementor-widget-text-editor\" data-id=\"35373ca9\" data-element_type=\"widget\" data-widget_type=\"text-editor.default\">\n\t\t\t\t<div class=\"elementor-widget-container\">\n\t\t\t<style>\/*! elementor - v3.17.0 - 08-11-2023 *\/\n.elementor-widget-text-editor.elementor-drop-cap-view-stacked .elementor-drop-cap{background-color:#69727d;color:#fff}.elementor-widget-text-editor.elementor-drop-cap-view-framed .elementor-drop-cap{color:#69727d;border:3px solid;background-color:transparent}.elementor-widget-text-editor:not(.elementor-drop-cap-view-default) .elementor-drop-cap{margin-top:8px}.elementor-widget-text-editor:not(.elementor-drop-cap-view-default) .elementor-drop-cap-letter{width:1em;height:1em}.elementor-widget-text-editor .elementor-drop-cap{float:left;text-align:center;line-height:1;font-size:50px}.elementor-widget-text-editor .elementor-drop-cap-letter{display:inline-block}<\/style>\t\t\t\t<p>Nous commen\u00e7ons par un audit de s\u00e9curit\u00e9 exhaustif pour \u00e9valuer les vuln\u00e9rabilit\u00e9s de votre syst\u00e8me. Cette \u00e9valuation approfondie forme la base de nos recommandations pour renforcer la s\u00e9curit\u00e9 de votre infrastructure informatique.<\/p><p><strong>Mise en Place de Pare-feu Robustes :<\/strong> La premi\u00e8re ligne de d\u00e9fense est cruciale. Nous installons et configurons des pare-feu robustes pour contr\u00f4ler le trafic entrant et sortant, garantissant que seuls les acc\u00e8s autoris\u00e9s sont permis et prot\u00e9geant vos donn\u00e9es sensibles.<\/p><p><strong>Solutions Antivirus et Antimalwares :<\/strong> La protection proactive est essentielle. Nous int\u00e9grons des solutions antivirus et antimalwares de pointe pour d\u00e9tecter et \u00e9liminer les menaces potentielles, assurant la s\u00e9curit\u00e9 de chaque terminal au sein de votre r\u00e9seau.<\/p>\t\t\t\t\t\t<\/div>\n\t\t\t\t<\/div>\n\t\t\t\t<\/div>\n\t\t<div class=\"elementor-element elementor-element-2bd328fe e-con-full e-flex e-con e-child\" data-id=\"2bd328fe\" data-element_type=\"container\" data-settings=\"{&quot;content_width&quot;:&quot;full&quot;}\">\n\t\t\t\t<div class=\"elementor-element elementor-element-525e5d7d elementor-widget elementor-widget-image\" data-id=\"525e5d7d\" data-element_type=\"widget\" data-widget_type=\"image.default\">\n\t\t\t\t<div class=\"elementor-widget-container\">\n\t\t\t\t\t\t\t\t\t\t\t\t\t\t\t<img decoding=\"async\" width=\"1024\" height=\"679\" src=\"https:\/\/meganetburkina.com\/wp-content\/uploads\/2023\/12\/concept-interface-pare-feu-protection-cybersecurite-1024x679.jpg\" class=\"attachment-large size-large wp-image-581\" alt=\"\" srcset=\"https:\/\/meganetburkina.com\/wp-content\/uploads\/2023\/12\/concept-interface-pare-feu-protection-cybersecurite-1024x679.jpg 1024w, https:\/\/meganetburkina.com\/wp-content\/uploads\/2023\/12\/concept-interface-pare-feu-protection-cybersecurite-300x199.jpg 300w, https:\/\/meganetburkina.com\/wp-content\/uploads\/2023\/12\/concept-interface-pare-feu-protection-cybersecurite-768x509.jpg 768w, https:\/\/meganetburkina.com\/wp-content\/uploads\/2023\/12\/concept-interface-pare-feu-protection-cybersecurite-1536x1019.jpg 1536w, https:\/\/meganetburkina.com\/wp-content\/uploads\/2023\/12\/concept-interface-pare-feu-protection-cybersecurite-2048x1359.jpg 2048w\" sizes=\"(max-width: 1024px) 100vw, 1024px\" \/>\t\t\t\t\t\t\t\t\t\t\t\t\t\t\t<\/div>\n\t\t\t\t<\/div>\n\t\t\t\t<div class=\"elementor-element elementor-element-9a4d526 elementor-widget elementor-widget-text-editor\" data-id=\"9a4d526\" data-element_type=\"widget\" data-widget_type=\"text-editor.default\">\n\t\t\t\t<div class=\"elementor-widget-container\">\n\t\t\t\t\t\t\t<h4><strong>S\u00e9curit\u00e9 des Communications et des Transactions :<\/strong><\/h4><p><strong>1. Chiffrement des Communications :<\/strong> Prot\u00e9gez les \u00e9changes d&#8217;informations avec des protocoles de chiffrement avanc\u00e9s. Nous mettons en \u0153uvre des solutions qui garantissent que les communications, en interne et en externe, restent confidentielles et s\u00e9curis\u00e9es.<\/p><p><strong>2. Certificats SSL\/TLS pour Sites Web :<\/strong> La s\u00e9curit\u00e9 commence sur votre site web. Nous installons des certificats SSL\/TLS pour garantir que les transactions en ligne sont s\u00e9curis\u00e9es, \u00e9tablissant ainsi la confiance de vos clients dans la protection de leurs donn\u00e9es.<\/p>\t\t\t\t\t\t<\/div>\n\t\t\t\t<\/div>\n\t\t\t\t<\/div>\n\t\t\t\t<\/div>\n\t\t<div class=\"elementor-element elementor-element-e384fda e-con-full e-flex e-con e-parent\" data-id=\"e384fda\" data-element_type=\"container\" data-settings=\"{&quot;background_background&quot;:&quot;classic&quot;,&quot;content_width&quot;:&quot;full&quot;}\" data-core-v316-plus=\"true\">\n\t\t<div class=\"elementor-element elementor-element-6c85d84 e-con-full e-flex e-con e-child\" data-id=\"6c85d84\" data-element_type=\"container\" data-settings=\"{&quot;content_width&quot;:&quot;full&quot;}\">\n\t\t\t\t<div class=\"elementor-element elementor-element-9cb9f22 elementor-widget elementor-widget-heading\" data-id=\"9cb9f22\" data-element_type=\"widget\" data-widget_type=\"heading.default\">\n\t\t\t\t<div class=\"elementor-widget-container\">\n\t\t\t<h1 class=\"elementor-heading-title elementor-size-default\"> Gestion des Menaces et Pr\u00e9vention des Intrusions <\/h1>\t\t<\/div>\n\t\t\t\t<\/div>\n\t\t\t\t<div class=\"elementor-element elementor-element-efe5f83 elementor-widget elementor-widget-text-editor\" data-id=\"efe5f83\" data-element_type=\"widget\" data-widget_type=\"text-editor.default\">\n\t\t\t\t<div class=\"elementor-widget-container\">\n\t\t\t\t\t\t\t<p><strong> D\u00e9tection d&#8217;Intrusions (IDS) et Pr\u00e9vention (IPS) :<\/strong> Soyez proactif contre les menaces. Nous mettons en place des syst\u00e8mes de d\u00e9tection d&#8217;intrusions pour identifier les activit\u00e9s suspectes et des syst\u00e8mes de pr\u00e9vention pour bloquer les attaques en temps r\u00e9el.<\/p><p><strong>2. Surveillance Continue :<\/strong> La vigilance est la cl\u00e9. Nous assurons une surveillance continue de votre r\u00e9seau, analysant les journaux et les indicateurs de compromission pour d\u00e9tecter toute activit\u00e9 anormale et r\u00e9agir rapidement.<\/p>\t\t\t\t\t\t<\/div>\n\t\t\t\t<\/div>\n\t\t\t\t<\/div>\n\t\t<div class=\"elementor-element elementor-element-880dd5f e-con-full e-flex e-con e-child\" data-id=\"880dd5f\" data-element_type=\"container\" data-settings=\"{&quot;content_width&quot;:&quot;full&quot;}\">\n\t\t\t\t<div class=\"elementor-element elementor-element-db8aaf7 elementor-widget elementor-widget-image\" data-id=\"db8aaf7\" data-element_type=\"widget\" data-widget_type=\"image.default\">\n\t\t\t\t<div class=\"elementor-widget-container\">\n\t\t\t\t\t\t\t\t\t\t\t\t\t\t\t<img decoding=\"async\" width=\"1024\" height=\"684\" src=\"https:\/\/meganetburkina.com\/wp-content\/uploads\/2023\/12\/personne-utilisant-outil-ai-au-travail-2-1024x684.jpg\" class=\"attachment-large size-large wp-image-498\" alt=\"\" srcset=\"https:\/\/meganetburkina.com\/wp-content\/uploads\/2023\/12\/personne-utilisant-outil-ai-au-travail-2-1024x684.jpg 1024w, https:\/\/meganetburkina.com\/wp-content\/uploads\/2023\/12\/personne-utilisant-outil-ai-au-travail-2-300x200.jpg 300w, https:\/\/meganetburkina.com\/wp-content\/uploads\/2023\/12\/personne-utilisant-outil-ai-au-travail-2-768x513.jpg 768w, https:\/\/meganetburkina.com\/wp-content\/uploads\/2023\/12\/personne-utilisant-outil-ai-au-travail-2-1536x1025.jpg 1536w, https:\/\/meganetburkina.com\/wp-content\/uploads\/2023\/12\/personne-utilisant-outil-ai-au-travail-2-2048x1367.jpg 2048w\" sizes=\"(max-width: 1024px) 100vw, 1024px\" \/>\t\t\t\t\t\t\t\t\t\t\t\t\t\t\t<\/div>\n\t\t\t\t<\/div>\n\t\t\t\t<div class=\"elementor-element elementor-element-f2068f4 elementor-widget elementor-widget-text-editor\" data-id=\"f2068f4\" data-element_type=\"widget\" data-widget_type=\"text-editor.default\">\n\t\t\t\t<div class=\"elementor-widget-container\">\n\t\t\t\t\t\t\t<h4><strong>Formation en Sensibilisation \u00e0 la S\u00e9curit\u00e9 :<\/strong><\/h4><p><strong>1. Sensibilisation des Employ\u00e9s :<\/strong> Les employ\u00e9s sont le maillon faible. Nous organisons des programmes de sensibilisation \u00e0 la s\u00e9curit\u00e9 pour \u00e9duquer votre personnel sur les meilleures pratiques, r\u00e9duisant ainsi le risque d&#8217;attaques li\u00e9es \u00e0 une erreur humaine.<\/p><p><strong>2. Exercices de Simulation d&#8217;Attaques :<\/strong> Pr\u00e9parez votre \u00e9quipe aux sc\u00e9narios de menace. Nous organisons des exercices de simulation d&#8217;attaques pour tester la r\u00e9activit\u00e9 de votre entreprise et am\u00e9liorer la pr\u00e9paration en cas d&#8217;incident.<\/p>\t\t\t\t\t\t<\/div>\n\t\t\t\t<\/div>\n\t\t\t\t<\/div>\n\t\t\t\t<\/div>\n\t\t<div class=\"elementor-element elementor-element-7db7130 e-con-full e-flex e-con e-parent\" data-id=\"7db7130\" data-element_type=\"container\" data-settings=\"{&quot;background_background&quot;:&quot;classic&quot;,&quot;content_width&quot;:&quot;full&quot;}\" data-core-v316-plus=\"true\">\n\t\t<div class=\"elementor-element elementor-element-1682e46 e-con-full e-flex e-con e-child\" data-id=\"1682e46\" data-element_type=\"container\" data-settings=\"{&quot;content_width&quot;:&quot;full&quot;}\">\n\t\t\t\t<div class=\"elementor-element elementor-element-cb7a694 elementor-widget elementor-widget-heading\" data-id=\"cb7a694\" data-element_type=\"widget\" data-widget_type=\"heading.default\">\n\t\t\t\t<div class=\"elementor-widget-container\">\n\t\t\t<h1 class=\"elementor-heading-title elementor-size-default\">Sauvegardes R\u00e9guli\u00e8res et Plans de Reprise d'Activit\u00e9 <\/h1>\t\t<\/div>\n\t\t\t\t<\/div>\n\t\t\t\t<div class=\"elementor-element elementor-element-5c57d90 elementor-widget elementor-widget-text-editor\" data-id=\"5c57d90\" data-element_type=\"widget\" data-widget_type=\"text-editor.default\">\n\t\t\t\t<div class=\"elementor-widget-container\">\n\t\t\t\t\t\t\t<p><strong>Sauvegardes Automatis\u00e9es :<\/strong> Pr\u00e9voyez l&#8217;impr\u00e9visible avec des sauvegardes automatis\u00e9es. Nous configurons des routines de sauvegarde r\u00e9guli\u00e8res pour garantir que vos donn\u00e9es cruciales peuvent \u00eatre restaur\u00e9es en cas de perte ou de dommage.<\/p><p><strong>2. Plans de Reprise d&#8217;Activit\u00e9 (PRA) :<\/strong> Soyez pr\u00eat \u00e0 faire face aux interruptions. Nous \u00e9laborons des plans de reprise d&#8217;activit\u00e9 complets pour minimiser les temps d&#8217;arr\u00eat et restaurer rapidement les op\u00e9rations normales apr\u00e8s un incident.<\/p><p>La s\u00e9curit\u00e9 informatique est une priorit\u00e9 absolue. Avec nos services, vous pouvez avoir la certitude que votre entreprise est prot\u00e9g\u00e9e contre les menaces num\u00e9riques \u00e9mergentes. De la pr\u00e9vention \u00e0 la pr\u00e9paration, nous vous offrons une s\u00e9curit\u00e9 informatique compl\u00e8te.<\/p>\t\t\t\t\t\t<\/div>\n\t\t\t\t<\/div>\n\t\t\t\t<\/div>\n\t\t<div class=\"elementor-element elementor-element-0d11213 e-con-full e-flex e-con e-child\" data-id=\"0d11213\" data-element_type=\"container\" data-settings=\"{&quot;content_width&quot;:&quot;full&quot;}\">\n\t\t\t\t<div class=\"elementor-element elementor-element-e643f16 elementor-widget elementor-widget-image\" data-id=\"e643f16\" data-element_type=\"widget\" data-widget_type=\"image.default\">\n\t\t\t\t<div class=\"elementor-widget-container\">\n\t\t\t\t\t\t\t\t\t\t\t\t\t\t\t<img loading=\"lazy\" decoding=\"async\" width=\"295\" height=\"436\" src=\"https:\/\/meganetburkina.com\/wp-content\/uploads\/2023\/12\/security.png\" class=\"attachment-large size-large wp-image-580\" alt=\"\" srcset=\"https:\/\/meganetburkina.com\/wp-content\/uploads\/2023\/12\/security.png 295w, https:\/\/meganetburkina.com\/wp-content\/uploads\/2023\/12\/security-203x300.png 203w\" sizes=\"(max-width: 295px) 100vw, 295px\" \/>\t\t\t\t\t\t\t\t\t\t\t\t\t\t\t<\/div>\n\t\t\t\t<\/div>\n\t\t\t\t<div class=\"elementor-element elementor-element-c97f924 elementor-widget elementor-widget-text-editor\" data-id=\"c97f924\" data-element_type=\"widget\" data-widget_type=\"text-editor.default\">\n\t\t\t\t<div class=\"elementor-widget-container\">\n\t\t\t\t\t\t\t<h4><strong>Formation en Sensibilisation \u00e0 la S\u00e9curit\u00e9 :<\/strong><\/h4><p><strong>1. Sensibilisation des Employ\u00e9s :<\/strong> Les employ\u00e9s sont le maillon faible. Nous organisons des programmes de sensibilisation \u00e0 la s\u00e9curit\u00e9 pour \u00e9duquer votre personnel sur les meilleures pratiques, r\u00e9duisant ainsi le risque d&#8217;attaques li\u00e9es \u00e0 une erreur humaine.<\/p><p><strong>2. Exercices de Simulation d&#8217;Attaques :<\/strong> Pr\u00e9parez votre \u00e9quipe aux sc\u00e9narios de menace. Nous organisons des exercices de simulation d&#8217;attaques pour tester la r\u00e9activit\u00e9 de votre entreprise et am\u00e9liorer la pr\u00e9paration en cas d&#8217;incident.<\/p>\t\t\t\t\t\t<\/div>\n\t\t\t\t<\/div>\n\t\t\t\t<\/div>\n\t\t\t\t<\/div>\n\t\t\t\t\t\t\t<\/div>\n\t\t","protected":false},"excerpt":{"rendered":"<p>Prot\u00e9gez Votre Entreprise Contre les Menaces Num\u00e9riques Audit de S\u00e9curit\u00e9 Complet Nous commen\u00e7ons par un audit de s\u00e9curit\u00e9 exhaustif pour \u00e9valuer les vuln\u00e9rabilit\u00e9s de votre syst\u00e8me. Cette \u00e9valuation approfondie forme la base de nos recommandations pour renforcer la s\u00e9curit\u00e9 de votre infrastructure informatique. Mise en Place de Pare-feu Robustes : La premi\u00e8re ligne de d\u00e9fense &hellip;<\/p>\n<p class=\"read-more\"> <a class=\"\" href=\"https:\/\/meganetburkina.com\/index.php\/securite-informatique\/\"> <span class=\"screen-reader-text\">S\u00e9curit\u00e9 Informatique<\/span> Read More &raquo;<\/a><\/p>\n","protected":false},"author":1,"featured_media":0,"parent":0,"menu_order":0,"comment_status":"closed","ping_status":"closed","template":"","meta":{"site-sidebar-layout":"no-sidebar","site-content-layout":"page-builder","ast-site-content-layout":"full-width-container","site-content-style":"default","site-sidebar-style":"default","ast-global-header-display":"","ast-banner-title-visibility":"","ast-main-header-display":"","ast-hfb-above-header-display":"","ast-hfb-below-header-display":"","ast-hfb-mobile-header-display":"","site-post-title":"disabled","ast-breadcrumbs-content":"","ast-featured-img":"disabled","footer-sml-layout":"","theme-transparent-header-meta":"","adv-header-id-meta":"","stick-header-meta":"","header-above-stick-meta":"","header-main-stick-meta":"","header-below-stick-meta":"","astra-migrate-meta-layouts":"set","ast-page-background-enabled":"default","ast-page-background-meta":{"desktop":{"background-color":"","background-image":"","background-repeat":"repeat","background-position":"center center","background-size":"auto","background-attachment":"scroll","background-type":"","background-media":"","overlay-type":"","overlay-color":"","overlay-gradient":""},"tablet":{"background-color":"","background-image":"","background-repeat":"repeat","background-position":"center center","background-size":"auto","background-attachment":"scroll","background-type":"","background-media":"","overlay-type":"","overlay-color":"","overlay-gradient":""},"mobile":{"background-color":"","background-image":"","background-repeat":"repeat","background-position":"center center","background-size":"auto","background-attachment":"scroll","background-type":"","background-media":"","overlay-type":"","overlay-color":"","overlay-gradient":""}},"ast-content-background-meta":{"desktop":{"background-color":"var(--ast-global-color-5)","background-image":"","background-repeat":"repeat","background-position":"center center","background-size":"auto","background-attachment":"scroll","background-type":"","background-media":"","overlay-type":"","overlay-color":"","overlay-gradient":""},"tablet":{"background-color":"var(--ast-global-color-5)","background-image":"","background-repeat":"repeat","background-position":"center center","background-size":"auto","background-attachment":"scroll","background-type":"","background-media":"","overlay-type":"","overlay-color":"","overlay-gradient":""},"mobile":{"background-color":"var(--ast-global-color-5)","background-image":"","background-repeat":"repeat","background-position":"center center","background-size":"auto","background-attachment":"scroll","background-type":"","background-media":"","overlay-type":"","overlay-color":"","overlay-gradient":""}},"footnotes":""},"class_list":["post-563","page","type-page","status-publish","hentry"],"_links":{"self":[{"href":"https:\/\/meganetburkina.com\/index.php\/wp-json\/wp\/v2\/pages\/563","targetHints":{"allow":["GET"]}}],"collection":[{"href":"https:\/\/meganetburkina.com\/index.php\/wp-json\/wp\/v2\/pages"}],"about":[{"href":"https:\/\/meganetburkina.com\/index.php\/wp-json\/wp\/v2\/types\/page"}],"author":[{"embeddable":true,"href":"https:\/\/meganetburkina.com\/index.php\/wp-json\/wp\/v2\/users\/1"}],"replies":[{"embeddable":true,"href":"https:\/\/meganetburkina.com\/index.php\/wp-json\/wp\/v2\/comments?post=563"}],"version-history":[{"count":10,"href":"https:\/\/meganetburkina.com\/index.php\/wp-json\/wp\/v2\/pages\/563\/revisions"}],"predecessor-version":[{"id":601,"href":"https:\/\/meganetburkina.com\/index.php\/wp-json\/wp\/v2\/pages\/563\/revisions\/601"}],"wp:attachment":[{"href":"https:\/\/meganetburkina.com\/index.php\/wp-json\/wp\/v2\/media?parent=563"}],"curies":[{"name":"wp","href":"https:\/\/api.w.org\/{rel}","templated":true}]}}